+ 4*y - 1. Let q = -80 - -86. Calculate z(q).
-13
Let q(z) = -8*z**2 - 2*z - 9. Let p(v) = -7*v**2 - v - 8. Let k(r) = -7*p(r) + 6*q(r). What is k(5)?
2
Let o(h) = 0 + h**2 - 5*h - 1 + 1 + 2. Give o(6).
8
Suppose 4*o - 4*j = 5*o + 22, -2*o + 3*j = -11. Let q be 2/o*(3 + -3). Let z(t) = -t + 4. Give z(q).
4
Let j(b) be the second derivative of -b**4/4 + b**3/3 - b**2 + 9*b. What is j(2)?
-10
Suppose 3*z + 8 + 10 = 0. Let y(b) be the first derivative of b**4/4 + 2*b**3 - b**2 + 18. Calculate y(z).
12
Let q(r) = -7*r**2 + r**3 + 3*r**2 + 0*r - 1 + r**2 - 5*r. Determine q(4).
-5
Let z(h) = h**2 - 4*h + 4. Let s be z(3). Let p be 48/15 + s/(-5). Let f(a) = -5*a**p - 5*a**3 - a + 5*a**3. Give f(1).
-6
Let n(p) = p + 1. Let d(r) = 4*r + 4. Let s(o) = -2*d(o) + 7*n(o). Let m(x) = 38 + x + x + 7*x - 32. Let t(q) = -m(q) - 4*s(q). Give t(-2).
8
Let s(a) = -3*a**3 - 4*a**2 - 21*a - 41. Let k(z) = z**3 + z**2 + 7*z + 14. Suppose -5*y + 41 = 11. Let n(r) = y*s(r) + 17*k(r). What is n(-6)?
-2
Let m(y) be the third derivative of -y**4/24 + 5*y**3/6 - 22*y**2. Let b(o) be the first derivative of -o**4 - o**2 - o - 1. Let s be b(-1). Calculate m(s).
0
Let d(l) = l**3 - l. Let k = 78 - 80. What is d(k)?
-6
Let j(c) be the third derivative of 1/60*c**5 - 3*c**2 + c**3 + 0*c + 0 - 7/24*c**4. Calculate j(6).
0
Let f(t) = t**2 + 6*t + 2. Suppose 0 = -r + 4 + 2. Let l = 0 - r. What is f(l)?
2
Let s(y) = -8*y**2 + y. Let d(r) = r**2 - r - 1. Suppose -6 = -4*t - 10. Let n be d(t). Determine s(n).
-7
Let z(p) be the third derivative of -p**4/6 + p**3 + p**2. Let v(x) = 4*x - 5. Let k(r) = -6*v(r) - 5*z(r). Let q = 462 - 460. Give k(q).
-8
Suppose 4*h - 2*h = -10. Let x be (-1 + 4)*h/15. Let p(s) = 10*s**2 - 2*s - 3. Let z(y) = y**2 - y - 1. Let d(c) = p(c) - 3*z(c). Calculate d(x).
6
Let b(s) = -9*s**2 + 6*s - 4. Let i(q) = -q**2 - q + 1. Let f(z) = -b(z) - 5*i(z). What is f(-1)?
14
Let b(t) be the second derivative of t**5/20 + 5*t**4/12 + 2*t**3/3 + 5*t**2/2 - 10*t. Calculate b(-4).
5
Let n(p) be the first derivative of p**6/360 + p**5/20 + p**4/6 - 2*p**3/3 + 3. Let q(z) be the third derivative of n(z). Determine q(-4).
-4
Let n(a) be the first derivative of 2*a**3 + a**2 - a - 18. Determine n(1).
7
Let v(c) be the first derivative of 1/180*c**6 + 1/3*c**3 + 0*c + 0*c**2 - 1/30*c**5 + 3 + 1/8*c**4. Let f(y) be the third derivative of v(y). What is f(2)?
3
Let q(y) = -13*y - 1. Let n be q(1). Let a be 3*(4 + n/3). Let m(i) = -3*i**2 - 2*i - 3. Give m(a).
-11
Let a(n) = -n**2 - 5*n + 1. Let c = 1 - 1. Suppose -5*g = 5*u + 5, c = -u - 0*g - 4*g - 10. Suppose 4*q = -u*v - 12, -3 = 2*q - 3*v + 11. What is a(q)?
5
Let w(c) be the third derivative of -1/24*c**4 + 0*c + 0 + 1/3*c**3 - 3*c**2. Give w(-2).
4
Let g(k) = -k**3 - 5*k**2 + 6*k + 6. Suppose 3*f = 7*f - 12. Suppose 0 = -c - 2*r - 12, 0*c + f*c - 5*r = -3. Determine g(c).
6
Let h = 40 - 28. Suppose -c + h = 3*c. Suppose -5*z + c = 3*u - 4, -4 = 4*u. Let x(n) = -n**3 + 2*n**2 - 2. Determine x(z).
-2
Let u(x) be the first derivative of 3*x**2 - 2. What is u(2)?
12
Suppose -3*b + 35 + 37 = 0. Suppose 3*u = -u + b. Let t be (u/15)/((-2)/20). Let g(d) = 2*d + 5. What is g(t)?
-3
Let y(n) = -n**2 - n + 1. Let z(j) = j**2 - 6. Let p(o) = 4*y(o) + z(o). Determine p(-2).
-6
Let j(v) = -v - 1. Let z(l) be the first derivative of 4*l - 5. Let u(k) = -2*j(k) - z(k). Determine u(3).
4
Let b(h) = 2*h - 9. Let g be b(7). Let i(w) = w - 5. Let c(u) = 1. Let l(k) = -5*c(k) - i(k). Determine l(g).
-5
Let g be (7 - 3)/(-1*2). Let f(d) = 9*d - 2. Determine f(g).
-20
Let a(q) be the third derivative of q**6/120 - q**5/20 + q**4/12 + q**3/3 + 6*q**2. Give a(2).
2
Let r(t) = -t + 2. Let q(p) = 2*p - 5. Let o(v) = 3*q(v) + 8*r(v). Give o(-3).
7
Let k(r) = -3*r**2 - 6*r + 4. Let c(b) = -10*b**2 - 18*b + 14. Let a(y) = 2*c(y) - 7*k(y). Determine a(-7).
7
Let c(y) = y**3 - y**2. Let b(r) = 11*r**3 - 3*r**2 - r + 1. Let g(h) = -b(h) + 4*c(h). What is g(1)?
-8
Let k(r) = -r**3 - r**2 - r + 3. Suppose 5 = 4*z - 3. Let s be 3*(z - 12/9). Let t = s - 2. Calculate k(t).
3
Let d(u) = 4*u - u**2 - 5 + 5. Suppose w = -2*q + 8, -1 = -q + 4*w + 3. Calculate d(q).
0
Let f(a) = 0*a**2 - 5*a**2 - a**2 + a**3 - 3*a + 2*a**2. Determine f(4).
-12
Let v(b) = -5*b + 1. Let o = -31 + 33. Calculate v(o).
-9
Let j(p) = -137*p**2 - 2*p + 138*p**2 - 4*p + 2. Determine j(3).
-7
Let s(c) = c**2 + 10*c + 10. Suppose 0 = -2*t + 4*q, 2*q + 17 = -5*t - 31. What is s(t)?
-6
Let d(v) be the third derivative of -v**6/360 - v**5/24 + v**4/12 - v**3/3 - 4*v**2. Let i(n) be the first derivative of d(n). Give i(-4).
6
Suppose -d + 0 = -2, 5*p = -3*d + 31. Let n(b) = 8*b - 10. Let y(q) = 7*q - 9. Let z(r) = -3*n(r) + 4*y(r). Determine z(p).
14
Let u(p) = -4*p**3 - 3*p**2 - 2*p + 1. Let l(v) = 3*v**3 + 2*v**2 + v. Let r(t) = 3*l(t) + 2*u(t). Let w = -1 + 0. Let a = 1 + w. What is r(a)?
2
Let u be 1*-2 - 2 - 1. Let f(n) = n + 10. Let w be f(-8). Let d(o) = o**w + 3*o - 22 + 17 + 2*o. Give d(u).
-5
Let m be (1/6)/((-4)/(-8)). Let n(h) be the second derivative of h - 1/12*h**4 + 0 + m*h**3 + h**2. What is n(2)?
2
Let v(i) = -i + 6. Let a(l) = -6*l**3 - l**2 + 3*l + 3. Let k be a(-1). Determine v(k).
1
Let j be 1/2 - 7/2. Let p(m) = -3*m**3 + 7*m**2 + 2*m + 1. Let n(h) = 4*h**3 - 8*h**2 - 3*h - 1. Let x(v) = -4*n(v) - 5*p(v). Determine x(j).
-7
Let r be 3*(-5 + -1)/2. Let q = -4 - r. Let i(x) = -1 - 4*x - 4*x + x + q*x - x**2. Calculate i(-4).
-9
Let x = -22 - -26. Let s(u) = -u**3 + 5*u**2 - 5*u + 6. Determine s(x).
2
Let t(b) = -b**2 + 4*b + 5. Let o(m) = -m**2 + 3*m + 5. Let v(l) = -3*o(l) + 2*t(l). Determine v(0).
-5
Let n(o) = -3*o + 1. Let m be ((-14)/(-10))/(-1) - (-3)/(-5). Give n(m).
7
Let l(r) be the second derivative of -3/2*r**2 + 1/4*r**4 + 1/3*r**3 + 0 - 1/20*r**5 + 4*r. Let j be 1*-1 + 0 + 4. What is l(j)?
3
Suppose 4*z = -3*a + 19, -2*a + 4*a - 7 = 3*z. Suppose -4*u + 6 = -2*b, 2*u = 3*u - b + z. Let x(i) = 4*i + 3 + 5*i - 4*i - i**2. What is x(u)?
7
Let h(b) = -3*b**3 + 5*b**2 - 14. Let j(i) = -4*i**3 + 4*i**2 - 15. Let m(v) = 5*h(v) - 4*j(v). Give m(-9).
-10
Let h(x) = 5*x**2 + 17*x - 11. Let z(u) = 3*u**2 + 9*u - 6. Let m(y) = 4*h(y) - 7*z(y). Give m(2).
4
Let i(c) = -c**2 + 2*c + 6. Suppose 0*r = -2*r. Suppose -30 = -5*q - 3*z + 4*z, r = -q - z. What is i(q)?
-9
Let b(a) = a + 7. Suppose 26 + 24 = 5*u. Suppose -28 + u = 3*x. What is b(x)?
1
Let u(p) = p**3 + p - 1. Let y(h) = -2 + h**2 + 0 + 5*h + 5*h**2 + 5*h**3 - 5*h**2. Let m(l) = 4*u(l) - y(l). What is m(-2)?
4
Let m(a) = 5*a. Let c be (0/1)/(-2 + 3). Suppose 0 = -4*i - c*o + 4*o, 5*i + 3 = 2*o. Determine m(i).
-5
Let w(c) = c**2 + c - 2. Suppose 0 = -2*a + 3 + 21. Let g be ((-8)/(-16))/((-2)/a). Determine w(g).
4
Let g be 1 + (-2)/(-1 - -3). Let m = 53 - 53. Let s(q) = -1 - q**2 + q + g*q + m*q + 2*q**2. What is s(-1)?
-1
Let d(r) = -r**3 + 4*r**2 - r - 4. Let o be d(3). Let b(z) be the third derivative of -3*z**2 - 1/6*z**4 + 0*z**3 + 0*z + 0. Give b(o).
-8
Let t(l) = 2*l + 3. Let f(k) = -5*k - 7. Let u(v) = 3*f(v) + 7*t(v). Give u(7).
-7
Let o(i) be the first derivative of 5*i**2/2 - i - 3. Let n(f) = -f**3 + 5*f**2 + f - 4. Let u be n(5). Calculate o(u).
4
Let z(q) be the third derivative of q**4/24 - q**3 + 8*q**2. Calculate z(6).
0
Let p = 60 - 53. Let h(j) = j**2 - 8*j + 6. Calculate h(p).
-1
Let g(w) = -w**2 + 74*w - 1 + 0*w**2 - 2 - 73*w. Suppose 0 = -3*t - 1 + 10. Suppose -5*p + 12 = -t. Give g(p).
-9
Suppose 0 = -0*q + 3*q + 18. Let z = -3 - q. Let m(i) = 2 + i - z - 7. What is m(6)?
-2
Let r(n) = n**3 + 361 - 365 + 2*n**2 + 2*n**2. Let f(y) = y**3 - 6*y**2 + 3*y + 7. Let g be f(5). Give r(g).
5
Let o(u) = 14*u**3 - 6*u + 5*u + 0 - 13*u**3 + 2. Determine o(0).
2
Let h(j) = 6*j**2 - 3*j**3 - 26*j + 2*j**3 - 10 + 34*j. Give h(7).
-3
Suppose 16 = 2*a - 2*d, 3*a - a + 2*d - 4 = 0. Let m(v) = -5*v + 1 + a*v**2 - 2*v**2 + 4*v. Suppose 4*b = 3*u - 6, 2*u - 4*b - 4 = b. Calculate m(u).
11
Let t(p) = 3*p**2 + 3*p + 1. Let w(v) = -v**2 - 2*v. Let d(j) = -2*t(j) - 5*w(j). What is d(6)?
-14
Let j(q) be the second derivative of q**4/12 - q**3/3 - q**2 - 5*q. What is j(4)?
6
Let b = -69 - -60. Let u(r) = r**2 + 12*r + 12. Give u(b).
-15
Let q(g) be the first derivative of -g**3/3 + 11*g**2/2 - 8*g - 13. Deter